of (-10)/(-3)*(-84)/n?
3
Suppose 0 = 3*t - 4*n - 35, -t = 4*t - 4*n - 45. Suppose 3*y = 3*s - 0*y - 180, 3*s = -t*y + 196. What is the tens digit of s?
6
Let x(m) = 5*m**2 - 2*m. Let h be x(2). Suppose 0 = 19*g - h*g - 384. What is the hundreds digit of g?
1
Suppose 707*f = 709*f - 2072. What is the tens digit of f?
3
What is the tens digit of (32/(-96))/(2/(-9258))?
4
What is the units digit of 13/((-182)/4) + 28382/14?
7
Suppose -3*o - 4*u = 2*o + 9, 2 = -2*u. Let g(z) be the first derivative of -6*z**4 + z**3/3 + z**2/2 + z + 5. What is the tens digit of g(o)?
2
Suppose 0*i - i = 79. Let z = -46 - i. Suppose -99 = -3*q - z. What is the units digit of q?
2
Let a = 4 + -2. Suppose -a*k + 0 = 4. What is the units digit of (-1 - k/8)*-16?
2
What is the tens digit of ((-6 + 0)/(-6))/(1/377)?
7
Suppose -z - 13 = 3*o, 0*z + 2*z - 3*o - 19 = 0. What is the units digit of (196/(-35))/(z/(-5))?
4
Let t = 14 - 128. Let c = -58 - t. What is the units digit of c?
6
Suppose 2*j = -3*j + 2*i - 10, -4*i + 20 = -j. Let z(h) = -2 + j*h**3 - 8*h - 10 + 2 - h**3 + 11*h**2. What is the tens digit of z(10)?
1
Let f(j) = -j**3 + 14*j**2 + 13*j + 9. What is the tens digit of f(11)?
1
Let p be ((8 - 7) + (-2)/3)*6. Suppose b - 14 = f - 4, p*b + 8 = -5*f. What is the units digit of b?
6
Let a(q) = -2*q**2 - 8*q - 1. Let o be a(-3). Let j(d) = d**3 + 2*d**2 - 4*d - 6. What is the tens digit of j(o)?
4
Let q be 1 + (5 + -1 - 4). What is the hundreds digit of 114/1 - 3/(q + -4)?
1
What is the hundreds digit of 14694/8 + 44/176?
8
Let j = 2302 - -1004. What is the units digit of j?
6
Suppose q = 17*q - 17344. What is the tens digit of q?
8
Let j be (((-10)/8)/(-5))/((-9)/(-72)). Let x = 0 + -4. What is the units digit of 11 - 1/(j/x)?
3
Let c = -360 - -350. Suppose 3*d = d + 5*r + 61, 0 = 4*d + 3*r - 57. Let z = d + c. What is the units digit of z?
8
Let q(a) = 37*a**2 - a. Let m be 3/(-15) - (-48)/40. What is the tens digit of q(m)?
3
Let m(i) = 3*i**2 + 38*i - 41. Let w(r) = 2*r**2 + 25*r - 27. Let c(d) = 5*m(d) - 8*w(d). Let f = -10 + 1. What is the tens digit of c(f)?
2
Suppose 344*m = 331*m + 55562. What is the units digit of m?
4
Suppose -4*o - 2*d - d + 1193 = 0, -1491 = -5*o - 4*d. What is the tens digit of o?
9
Let c = 40 - 35. Suppose 280 = 4*u - 4*o, c*u + 5*o = -0*u + 320. What is the tens digit of u?
6
What is the tens digit of (-5)/((-10)/462) + 3 - -3?
3
Let r = 14364 + -10050. What is the tens digit of r?
1
Suppose 4*c - b - 520 - 5214 = 0, 2*c + b = 2864. What is the thousands digit of c?
1
What is the units digit of 122/1220 + (-11369)/(-10)?
7
Let u = 1028 + 96. What is the hundreds digit of u?
1
Let g(h) = 349*h + 612. What is the thousands digit of g(16)?
6
Suppose 0 = -7*a + 10*a + 2*g - 8500, 5*a + 3*g - 14167 = 0. What is the thousands digit of a?
2
Suppose -2*u + 13 = 3. Suppose y = -4 + u, -5*v + 168 = 3*y. What is the tens digit of v?
3
Suppose 2*j = 5*c - 330 - 2278, 5*c - 4*j = 2616. What is the units digit of c?
0
Suppose 0 = -4*n + 4*l + 24, 0 = 4*n - 5*l + 2*l - 22. Let s = -201 - -295. Suppose o - s = -3*i, -2*o - n = -0. What is the units digit of i?
2
Suppose -4*r + 2*w = 10, -6 = -2*r - 5*w - 41. What is the units digit of ((45 + 0)/r)/((-2)/6)?
7
Suppose -288*y = -289*y + 227. What is the hundreds digit of y?
2
Suppose -2*y + m + 288 = 0, -2*y + 292 = -4*m + 2*m. What is the hundreds digit of y?
1
Let i = -63 + 43. What is the tens digit of (-1 + (-227)/(-3))*(-30)/i?
1
Suppose 2 = 5*z - 8. Suppose 3*w + 4 = 5*t, -4*w + z*t = -3*w + 1. What is the tens digit of (-53)/w + (-2)/(-6)?
1
Suppose -b = 4*d + 2*b, -4*d + 3*b = -24. Let l be 156/1*d/(-6). Let s = -47 - l. What is the tens digit of s?
3
Suppose h = -10 + 20. Suppose -2*g = -h*g + 2328. What is the hundreds digit of g?
2
Suppose m = -5*l + l - 70, 2*l + 128 = -2*m. Let v = 317 - 214. Let g = m + v. What is the tens digit of g?
4
Let l(o) be the second derivative of 0 + 3*o - 1/2*o**2 - 5/6*o**3. What is the tens digit of l(-4)?
1
Let z(s) = 514*s**2 - 2*s + 14. What is the tens digit of z(2)?
6
Let h = 317 - 189. Suppose h = -3*j + 5*y, -5*j + y - 2*y = 176. Let q = -20 - j. What is the units digit of q?
6
Suppose -3*z + 4*u = -2536, 2*z + 88*u = 83*u + 1729. What is the hundreds digit of z?
8
Suppose 0 = -2*g - 2*g + 12. Suppose 0 = -g*f + 4*y - 17, 6*f - 5*y = 3*f - 19. What is the units digit of -1*(0 + f + 0)?
3
Suppose -4*z - 4835 = -4*t + 3565, 4*z + 4190 = 2*t. What is the hundreds digit of t?
1
Let l be 12/(-8)*(-30)/9. Suppose 3*q + 3*w - 1 + 10 = 0, -3 = l*q - w. What is the units digit of -2*(140/(-8) + q)?
7
Let o = 1 - -17. Let s be (-1)/6 - (-3)/o. Suppose -4*l - 3*x + 31 = s, -3*l + 0*l - 8 = -4*x. What is the units digit of l?
4
What is the hundreds digit of 352 - (-3)/(-1 - 0/(-6))?
3
Let k(i) = -i**3 + 22*i**2 - 4*i + 38. Let h be k(22). What is the units digit of -213*(h/(-15) + -4)?
2
Let a(o) = -11*o + 453. What is the tens digit of a(-14)?
0
What is the tens digit of (1111/(-44))/((-1)/24)?
0
Suppose 6 = -5*v + 31. Suppose v*g - 3*g - 52 = 0. What is the units digit of g?
6
Let b(c) = -3*c**3 + 18*c**2 + 33*c + 25. Let k(g) = -2*g**3 + 9*g**2 + 17*g + 13. Let d(l) = -4*b(l) + 7*k(l). What is the tens digit of d(-5)?
8
Let f = 125 + -41. Let v = f - -8. What is the tens digit of v?
9
What is the units digit of (-2676)/(-10)*250/75?
2
Let w = -132 - -138. What is the hundreds digit of w/(-21) - (-5718)/21?
2
Let c be 2/15 + (-280)/(-150). Let f(s) = c*s**2 - 9*s**2 + 4*s**2 + 4*s**2 - 2*s + 2. What is the units digit of f(2)?
2
Let f(z) = 37*z**2 - 7*z - 36. What is the hundreds digit of f(-4)?
5
Let x(s) = -s**3 + 11*s**2 + 16*s - 42. Let l be x(12). Suppose -i - 120 = -l*i. What is the units digit of i?
4
Suppose -7823 = 2*i - 6*i + 5*h, -3*h = -15. What is the tens digit of i?
6
Let c = -296 + 628. What is the units digit of c?
2
Let u = -9 + -41. Let h be 1 - 84 - (15 - 13). Let y = u - h. What is the tens digit of y?
3
Suppose 5*p - 106 = -2*l, -3*l + 4*p = l - 156. Let b be 126/10 + (-2)/(-5). Suppose -n + l = -2*o, -n - b = -2*n - 4*o. What is the tens digit of n?
3
Let w(g) = g**3 + 4*g**2 + g + 2. Suppose 2*l = -3*v + 55, 0 = 5*v + 4*l + 12 - 107. Let q(z) = -z + 13. Let m be q(v). What is the units digit of w(m)?
8
Let t(z) = 10*z**3 - 10*z**2 + 10*z + 47. What is the units digit of t(7)?
7
Let r = -201 - -434. What is the tens digit of r?
3
Let a = -3 - -9. Let j(v) = 0*v**2 - v - 2*v**2 + a*v**2. What is the units digit of j(1)?
3
Let a(v) = -4*v - 7. Let w be a(-3). Suppose -80 = -4*n + w*g, 2*n - g - 50 + 10 = 0. What is the units digit of n?
0
Let o = 917 + -652. What is the hundreds digit of o?
2
Let z be (-16)/56 - (-32)/14. Suppose z*k - 30 = 4*c, -5*k - 21 = 4*c + 16. Let w(v) = -v**2 - 11*v - 18. What is the units digit of w(c)?
6
Let d(i) = i**3 + 10*i**2 - 12*i + 16. Let x be d(-11). Let l = x - 27. What is the units digit of -5*(48/(-20) + l)?
2
Let n be (2 - 3*-152)*7/14. Let f = n + -44. What is the units digit of f?
5
Let m be 1/(1/(-19))*1. Let w = -21 - m. What is the tens digit of -2 - w/(2/57)?
5
Let t = 13 + -10. Suppose -t*x = n - 8, -13 = -4*x - 2*n - 5. What is the units digit of ((-32)/10)/(x/(-10))?
8
Let i(o) = o**2 + 13*o - 12. Let c be i(-14). Suppose h - c*h + 31 = -3*f, -h + 43 = 3*f. What is the tens digit of h?
3
Let y(p) = -2*p**3 + 3*p**2 + 4*p - 4. Suppose -6 = -2*r + 2. Let m be y(r). What is the units digit of (0 - m)*(-7)/(-14)?
4
Let n(d) = 4*d - 16. Let q(m) = -33*m + 144. Let g(j) = -22*j + 96. Let y(z) = -7*g(z) + 5*q(z). Let u(w) = 8*n(w) + 3*y(w). What is the units digit of u(0)?
6
Let y = 887 + -552. What is the tens digit of y?
3
Let f(h) = 11 + 1 - 6 + h**2 + h + 39. Suppose 0 = -2*l - 3*c - 3 + 9, c - 2 = -5*l. What is the tens digit of f(l)?
4
Suppose -2*p = -f + p - 66, -2*f + p - 127 = 0. Let z(s) = -2*s**2 + 11*s - 39. Let l be z(9). Let a = f - l. What is the tens digit of a?
3
Suppose 7 = a - 13. Suppose -16*c + a*c - 188 = 0. What is the tens digit of c?
4
Let g(r) be the third derivative of -r**4/24 + r**3/2 - 9*r**2. What is the units digit of g(-4)?
7
Let i(q) = -8*q**3 - 4*q**2 - 4*q - 7. Let b = -66 - -63. What is the tens digit of i(b)?
8
Let p(z) = z**2 - 8*z + 2158. What is the h